9 + 16))
5
What is -11 + (10 - (-15 + 22))?
-8
Evaluate (17 - (-9 + 21)) + -9 - 17.
-21
Calculate 35 + -49 - (0 - 26).
12
Evaluate (4 - (-7 + (2 - -3))) + 3 + 6.
15
Calculate 4 - ((-4 - (9 - 11)) + 10).
-4
What is 15 + -22 + -2 + 0?
-9
What is the value of (-22 + 18 - -11 - 16) + -2 + 1?
-10
-17 - 3 - (-16 + -10 - -16)
-10
Calculate (-6 - 1) + 508 + -498.
3
What is the value of -3 + 13 + 5 + -18 + -9 + 0?
-12
Evaluate (3 - 16 - 13) + -8 + 13.
-21
Evaluate 18 - (50 - (-19 - -26)).
-25
What is -22 + -2 + 158 + -142?
-8
What is the value of (-3 - 8 - (-19 - (1 - 22))) + -9?
-22
11 - 1 - (86 + -82 + 1 + -9)
14
Calculate (8 - 1) + -3 - (3 + -2 - 9).
12
What is the value of 36 + (-10 - 6) + -7?
13
What is the value of 33 + -1 + 2 + (38 - 47)?
25
What is -2 + -1 + (-9 - -27) - 6?
9
Evaluate (6 - (2 - 10 - -18)) + -9.
-13
What is 4 + -11 + (3 - 1 - 6)?
-11
Calculate 0 - 23 - (-883 - -858).
2
What is the value of (1 - -20) + (3 - -8) + -6?
26
What is the value of -3 - (9 + -10 - 2)?
0
Evaluate -14 + 35 - 7 - -2 - 13.
3
What is 17 + -2 - (74 - 73)?
14
Calculate (-8 - -9) + -39 - -24.
-14
Calculate -8 + 7 + -4 + 6 + -1.
0
Evaluate -2 - 15 - (-1486 - -1478).
-9
5 - (30 + -19 - (10 + -1))
3
What is (13 - ((12 - 26) + 6)) + (-3 - 1)?
17
Calculate -22 + (10 - (-16 - 5)).
9
-1 + -2 + (37 - (-39 + 77))
-4
What is the value of -4 + (5 - 0) + 3 + (2 - 8)?
-2
Calculate 9 - ((-8 - 1) + (118 - 103)).
3
Evaluate 2 + 1 + (167 - 175).
-5
What is the value of (-23 - -1) + -1 + (-9 + 27 - 11)?
-16
What is 17 + (30 - (28 - -5))?
14
Calculate -46 + (13 - 4) + 16.
-21
What is the value of 8 + 3 + (-7 - -7) - -3?
14
41 + 1 + -26 + (11 - (6 + -3))
24
Calculate 0 - (-8 + -2 + -4 + (5 - 3)).
12
1 + 9 + 13 + (-32 - -7) + 7
5
Calculate 10 + 1 - (4 - -74 - 40).
-27
What is the value of (2 - (-3 + (5 - 11))) + -7 + -10?
-6
Evaluate 1 + -9 + (80 - 81).
-9
What is the value of 22 + -9 + (-13 - -7)?
7
3 + 2 - (0 + 5 + (-2 - -3))
-1
19 - (72 - (-12 + 55))
-10
-5 - (7 - (12 - 7 - 0) - 6)
-1
Evaluate (-19 - 12) + -11 - (-10 + -8).
-24
13 + 16 - (28 + 6)
-5
What is 7 + (4 - (3 + 2 + 3)) + 9?
12
(15 - 5) + 9 + (-11 - -15)
23
What is -2 + 9 - 4 - 25?
-22
-4 + 0 + -10 + 3
-11
What is 8 - (2 - (5 + 6) - -24)?
-7
Calculate 1 - (-4 + -3) - (31 - (-40 + 33)).
-30
-59 + (14 - -36) + -3 + -1 + 3
-10
What is -1 + 19 + -27 + 21 + -2?
10
Calculate -1 + (-3 + 1 - (-3 + (2 - -4))).
-6
What is the value of 5 - (187 - 182 - ((1 - 0) + -8))?
-7
Calculate 0 + 9 - (31 + -37 + 8).
7
What is -1 + -6 + ((1 - 1) + -8 - -1)?
-14
What is 16 + (-17 - -9) - (2 - (5 - 37))?
-26
Calculate 22 + -15 - 18 - (-5 - (-5 - -1)).
-10
What is the value of 16 + -28 + 18 + -12?
-6
Evaluate -1 - 2 - -6 - (-17 - -12).
8
(93 - 98) + (1 - (0 + -27))
23
(10 + -13 - (-9 + 4) - -6) + 3
11
Calculate -5 + (-3 - -1) - (-17 - (25 - 7)).
28
Calculate 6 - (-9 + 12) - 6 - 7.
-10
Evaluate (-23 - -23) + -4 + 1 + 18.
15
Evaluate 0 + -7 + 12 + 7 + 1.
13
Calculate -4 - -14 - ((4 - -19) + -9).
-4
Evaluate -5 + -2 + -9 + 9 + 21.
14
Calculate -1 + (1 - 0) - (-63 + 34 - -29).
0
What is -33 - -4 - -3 - -4 - (2 + -6)?
-18
Evaluate (2 - 4) + -4 + (12 - -2) - 4.
4
Calculate -2 - (-5 + (-4 + 0 - -11)).
-4
Evaluate 41 + (-5 + 5 - 25).
16
Evaluate -34 - (-70 - (-20 - 12)).
4
20 + (-4 - ((0 - (-6 + 6)) + 0))
16
What is the value of 26 - (42 + 3 + -14)?
-5
Calculate -3 + 3 - (24 - 14) - (3 + -9).
-4
What is -4 - -3 - 6 - 8 - (1 + -9)?
-7
-17 - -12 - ((2 - 0) + (9 - 2))
-14
Evaluate -10 + 8 + -9 + -10 + -3 + 7.
-17
Calculate (-11 - -20) + 7 + -26 - 7.
-17
What is 55 - (-9 - -75) - (17 - -1)?
-29
What is the value of 297 + -304 - (-9 - -1)?
1
What is the value of -10 + (-3 - (-9 + 9) - -27)?
14
What is 4 + (0 - (3 - (5 - 4)) - -5)?
7
What is 0 - (-21 + (19 - 14))?
16
-7 + 6 + (14 + -6 - (-10 + 9))
8
Calculate -4 - ((-6 - 11) + 4 - -1 - 27).
35
Calculate 27 + (-37 - (-19 - 9)).
18
Evaluate (19 - 3) + -24 - (0 - 8).
0
What is the value of -14 - (2 + -4 + 2) - (2484 + -2493)?
-5
Calculate 7 - (31 - 11 - -14).
-27
What is 0 - (-11 + 34 + -12)?
-11
Calculate 5 + 2 + -4 - -9 - (-3 - -9).
6
What is (8 - (-3 + 8)) + 3 + -13?
-7
What is 14 + (9 - 35) - -20?
8
What is the value of 6 + -19 + 5 - (-5 - -3 - 5)?
-1
What is 2 + -2 - (29 + -12 + -7)?
-10
Calculate (1 - -6) + -1 + -3 + 8 + -25.
-14
What is 23 - (-38 + (8 - -56))?
-3
What is (-543 - -482) + 35 + -2?
-28
What is the value of 16 - ((28 - 16) + -6)?
10
What is 6 - -2 - (0 - (16 - 14))?
10
What is -40 + 17 + (-12 - -26)?
-9
Calculate -10 + 37 + -16 + (1 - 1 - 4).
7
What is the value of -12 + -5 + 12 + 10 + 2 - 4?
3
22 - 12 - 20 - -4
-6
Calculate -1 - ((-16 - -9) + 3).
3
Evaluate 3 - ((-10 - -6) + 9 + -16).
14
What is -4 + 1 + 11 + -9 + 7 - -25?
31
What is the value of -40 - -47 - (16 + 0) - (-22 - -47)?
-34
Calculate -3 - (-35 + 34 - (9 - 1)).
6
-3 + -3 + (197 - 222)
-31
Calculate -9 + -15 + (4 - 0) + 0.
-20
6 + (10 - 5) - (0 - 2) - 5
8
What is the value of -30 + 29 + -2 + (8 - 0)?
5
What is the value of -35 + 10 + -3 - -41?
13
What is -12 + 5 + (17 - 8)?
2
Calculate 3 + -25 + (-7 - -21) - -1.
-7
What is the value of -12 - 0 - (-32 + 45 - 37)?
12
2 + -2 - (14 - 9) - (-79 + 73)
1
What is 31 + -16 + -13 + 6?
8
What is -4 + (6 - (-9 + 0 - -4))?
7
4 - 14 - -9 - -9
8
What is the value of (56 - 15 - 29 - (8 - -1)) + 24?
27
Calculate (-12 + 5 - 28) + 30.
-5
-3 + 9 + 6 - 23
-11
Evaluate 71 + -21 - (27 + 3).
20
-3 + (0 - ((43 - 46) + (5 - -1)))
-6
What is -6 - (-6 + (-3 - -21) - (8 + -1))?
-11
Calculate -52 - (-60 - -21) - -33.
20
Calculate 6 - (2 - 9) - 10 - -6.
9
-10 + 9 - 6 - (15 + -2)
-20
Calculate -198 + 200 - (-2 + 1).
3
Evaluate -12 + (0 + 2 - (33 + -16)).
-27
Calculate -10 + (2 - (15 + -13)).
-10
10 - 38 - -14 - (-7 + -34)
27
What is the value of -1 - 0 - ((16 + -17 - 11) + 5)?
6
Calculate (3 - (-6 + 7)) + 1 + -5 - 3.
-5
-8 - (-15 - (-7 + -5)) - (11 - -1)
-17
-5 - ((33 - 60) + 19)
3
(210 - 205) + (12 - (-1 - -4))
14
Calculate (-3 - -5 - -8) + -18 + 3.
-5
Calculate 0 + (-2 + (2 - -4) + 5 - 3).
6
What is -5 + (5 - -18) + -14 + -15?
-11
Calculate (32 - 0) + -26 + 4.
10
Evaluate 25 - (13 + -1 + 2).
11
Calculate 3 + (10 - 11) + -4 + -20.
-22
Evaluate -23 + (17 - 18) - -22.
-2
Evaluate -5 - (-20 + 13 + 5).
-3
Calculate (6 - (-13 - (0 - 7))) + -24.
-12
Evaluate (-16 - (-9 + 0)) + -1 + 9.
1
What is the value of 6 + -3 + -8 + (-12 - -21) + -4?
0
What is -2 + -16 + (-5 + 16 - (-5 + 11))?
-13
What is -1 - ((37 - 33) + 0 + (1 - -1))?
-7
What is -16 + 0 + -163 + 177 - (3 + -30)?
25
What is -13 + 5 + (-4 - -3) + 6 + 0?
-3
What is -29 - -10 - (-14 - -5)?
-10
-21 - (-17 + 10) - (0 + 5)
-19
Calculate (11 - 12) + 15 - 25.
-11
Evaluate (12 - 10) + -21 + -1.
-20
192 + -187 - (20 - (4 + -5))
-16
What is the value of (37 - 37) + 18 + 3 + -17?
4
What is the value of 15 - -3 - 32 - -12 - -14?
12
What is the value of -15 + -3 + 11 + 1?
-6
Evaluate 2 + -10 + (77 - 59).
10
What is the value of -21 - (21 - (58 - 19))?
-3
Calculate 5 - (-6 + (8 + 9 - -1)) - 11.
-18
-11 + (-6 + 3 - 6) + -5
-25
-10 + (-1 - -13) - -4
6
What is 1 + (-3 - 13) - (38 + -40)?
-13
What is -51 + 22 + 44 + 4?
19
Calculate -17 + -1 + -2 - -6.
-14
(-5 - 1) + (0 - (23 - 41))
12
Evaluate -2 + (-1 - ((149 - 153) + (8 - -1))).
-8
Evaluate (2 - 0) + (45 - 43 - -7).
11
-1 - -1 - 0 - (-17 + 18)
-1
Calculate -10 - (-6 - (-13 + -2 + (-35 - -40))).
-14
Calculate 3 + (27 - 14 - (2 + 4)).
10
What is 14 + -44 - (4 - 22)?
-12
Evaluate (56 - 89 - -36) + (8 - 1).
10
What is the value of (0 - -15 - 7) + 1 + 5?
14
What is the value of -24 - (-7 + (-4 - (-6 - (-3 - -6))))?
-22
-7 + (-10 + 1 + (1 - -1) - -25)
11
7 + -9 + -2 + 24 + 1 + -5
16
What is the value of (14 - 1) + (-2 - -2) + -13 + 8?
8
Calculate -1 - (-1 - (6 + -27)).
-21
Evaluate (23 - 0) + -353 + 342.
12
What is the value of 1 - -4 - (11 - -2 - 4)?
-4
16 + (15 - (-28 + 13)) + -15
31
-22 - (-59 + 30) - (20 - 1)
-12
What is -8 + (-7 + 11 - -4) + -3?
-3
What is the value of -16 + 29 - (16 - -7 - 2)?
-8
-28 - (-18 + 2 - (32 - 35))
-15
0 - (-3 - 1 - 3 - (27 + -28))
6
What is (-8 - -17) + (-6 - 1) + -4?
-2
-3 + (14 + -3 - (-4 - (-2 - 8)))
2
What is -5 - (2 + -3 - 2 - (-14 + 20))?
4
Evaluate (0 - -1) + 1 - 10 - (-568 + 573).
-13
What is the value of 16 - (-9 - -7 - -3)?
15
What is 0 + 11 - (179 - 170)?
2
What is 8 + 1 + (76 - 27) + -